e n(4). Let l(j) = -12*j + 3*j + 33 - 61 + 8*j + 42. Determine l(x).
6
Let j(i) = i**2 + 7*i + 7. Let f = -104 + 133. Suppose 36 = -13*s - f. Give j(s).
-3
Let a(t) = t - 2. Suppose -5*f + 302 = -b, 11 = -5*f - 4. Let k = b - -315. What is a(k)?
-4
Let f be -18 + 85 + -22 - (-7)/(-1). Let y(r) be the first derivative of 1/2*r**2 + f - 8*r. Give y(6).
-2
Let f(r) = 3*r**2 + 647*r + 1701. Let o be f(-213). Let q(c) = 60*c + 178. Give q(o).
-2
Let v(t) = -t**2 - 13. Suppose -5*p - 10 = 2*s, -5*s + 22 = 47. Determine v(p).
-13
Let q(v) = -5*v**3 - 14*v**2 + 11*v - 6. Let j(g) = -g**3 - g**2 - 1. Let n(b) = -4*j(b) + q(b). Suppose 1489*a = 1215 - 17594. Calculate n(a).
-2
Let y be 23 + (20/(-25) + 1)*5. Suppose -4*j + 8 = -75*w + 73*w, -5*j = w - y. Let q(l) = l**2 - 5*l - 2 + 4 + 3. Determine q(j).
1
Let a be 4*2 - (-40)/(-30)*3. Let g be ((-9)/(-3)*-10)/(-1). Let m(w) = g*w + 29*w - 58*w + a. What is m(-6)?
-2
Let w = -2913 + 2902. Let g(y) = -y**3 - 11*y**2 + 38. Determine g(w).
38
Let i(h) = -247*h - 1260. Let n be i(-5). Let w(d) = d**3 + 24*d**2 - 22*d + 78. Calculate w(n).
3
Let u be 12 + ((-27)/(-3))/(-3). Let a(t) = -3*t + t + 0*t - 8*t**3 + u*t**3 + 5 - 6*t**2. Let n(i) = -5*i + 31. Let c be n(5). What is a(c)?
-7
Let w be (-90)/27*2*(-36)/10. Suppose 5*v - 19 = -w. Let z(f) = 11*f**2 - f - 1. Give z(v).
11
Let n = -1138 - -609. Let z = -529 - n. Let m(s) = s**2 + s - 1. Let k(d) = d**3 + 3*d**2 + d - 13. Let v(y) = -k(y) + 2*m(y). What is v(z)?
11
Let p(n) = n**3 - 8*n**2 + 5*n + 3. Suppose y = -0*y + 99. Let w = -92 + y. Calculate p(w).
-11
Let l be 8/(-16)*43 + 3/(-2). Let o(r) = -r**3 - 22*r**2 + 22*r - 44. Calculate o(l).
-21
Let h(v) be the first derivative of -v**4/4 + 2*v**3 + v**2/2 + 6*v + 4. Let a be ((-1)/(-5) + (-3)/(-15))/((-146)/(-2190)). Calculate h(a).
12
Let l = 6 - -4. Let f(k) = 7 + 66*k + 57*k - 18 + 9 - 124*k + 14. What is f(l)?
2
Let h(d) = 2*d**3 + 16*d**2 + 3*d - 13. Suppose 1597*l = 1606*l + 63. Determine h(l).
64
Suppose m = 2*w + 21, 2*m + 4 = -2*m. Suppose 181 + 75 = -32*s. Let n = s - w. Let c(f) = -f + 4. Determine c(n).
1
Let j(l) = l**2 + 11*l + 4. Let w be 1*((-8)/(-1))/2. Suppose b - 5*b - 8 = 0, 5*b = -w*z - 126. Let x = z + 19. What is j(x)?
-6
Let q(s) = -s**2 - 1. Let h be q(0). Let o be 0 + h + -3 + 7. Let l(r) = r**3 - 3*r + 1. Determine l(o).
19
Let m(f) be the first derivative of -20*f**3/3 + 61*f**2/2 - 9*f + 4315. Determine m(3).
-6
Let b(f) = 9*f + 14. Let p(o) = 13*o + 14. Let j(r) = -4*b(r) + 3*p(r). Give j(10).
16
Let o(x) be the third derivative of -195*x**2 + 2/15*x**5 + 0*x + 1/6*x**3 + 0 + 1/24*x**4. Determine o(-1).
8
Let b(a) = -a**2 - a + 3. Suppose -4*i = -2*v - i + 145, 0 = 3*v + i - 223. Let h = v - 68. Suppose 3*d + 5*k - 5 = 0, -3*d - h = -4*k - 2. Calculate b(d).
3
Let a(u) = -4*u + 2. Let w(z) = -6*z + 106. Let s(i) = 7*i - 129. Let r(g) = 4*s(g) + 5*w(g). Suppose 0*o + 45 = 5*o. Let m be r(o). Give a(m).
18
Suppose 1 + 4 = g. Suppose v + 3*v - 3*h = 18, -3*v = 4*h - 1. Let o(u) = -6*u**2 + 4 - u + 2*u**3 + u**v + 6*u - 2*u**3. Give o(g).
4
Let f be 29 + -24 + (-2995)/600. Let i(l) be the third derivative of f*l**6 + 0*l - 1/6*l**3 + 1/15*l**5 + 0*l**4 + 0 + 18*l**2. Determine i(-4).
-1
Let h be 10/3 - (-106)/159 - (-2)/(-1). Let m(b) = -4*b**2 + 2*b + 1. Give m(h).
-11
Let c(q) be the first derivative of -q**2/2 - 5*q - 281. Let g(k) = -k - 1. Let a be ((-12)/(-15))/((-4)/(-30)). Let y be g(a). Determine c(y).
2
Let r(f) = 3*f**3 + 3*f + 8. Let t be r(3). Let v(n) = 6*n + 195*n**3 - t*n**3 - 1 - 98*n**3 + 2*n**2. What is v(4)?
-9
Let q(p) = 2*p - 3. Let r(z) = -z - 19 + 4 + 17. Let u(t) = -q(t) - r(t). Give u(7).
-6
Let d(y) be the third derivative of y**5/60 + 7*y**4/24 - y**3/2 + y**2 + 6. Let w(v) = v. Let b(o) = -d(o) + 5*w(o). What is b(-4)?
-5
Let k be 2 - 210/(-4 - -1). Let l(h) = 153*h - 80*h - k*h - 9. Determine l(3).
-6
Let x = -301 - -304. Suppose x*r = -8*r - 33. Let c(u) = 3*u + 3. What is c(r)?
-6
Let c(q) be the second derivative of -23*q**5/60 - q**4/24 + q**3/6 + 15*q**2 - 11*q + 11. Let a(r) be the first derivative of c(r). Calculate a(1).
-23
Let t(k) = k**3 + k**3 + 3*k**2 + 158 - 148 + 3*k. Let r be t(0). Let d(i) = -i + 9. Determine d(r).
-1
Let h = -127 + 136. Suppose -2*d - 294 = -h*d. Let f = d - 48. Let a(n) = -2*n - 13. What is a(f)?
-1
Suppose -4*q = 260 - 1040. Suppose 3*u - q = -0*u. Let d = 68 - u. Let g(r) = -r**3 + r**2 + 3*r + 3. Determine g(d).
-6
Let c(y) = 2*y - 3. Let f be c(4). Let d = -7367 + 7373. Suppose -m = f - d. Let b(j) = -5*j + 1. What is b(m)?
-4
Let l(z) = -z**2 + z + 27. Let j(w) = -2*w**3 - 2*w**2 + 6*w + 10. Let r be j(-2). What is l(r)?
-3
Let c(b) = 2*b**2 + 6*b - 37. Suppose -z = -3*s - 1 + 21, 5*s + 12 = -4*z. What is c(s)?
19
Let l(m) be the second derivative of m**4/6 - 5*m**3/6 + 19*m**2/2 + m - 1261. Determine l(7).
82
Let h(v) = -8*v**2 - 160*v**3 - 130*v**3 + 5*v**2 - 7 - 4*v + 289*v**3. Calculate h(-3).
5
Let q be (54/(-45))/((-8)/(-40)). Let f(y) = -y - 9. Determine f(q).
-3
Let z(y) = -y**3 - 12*y**2 - 12*y - 12. Let w be 2/(-6) + (275/33 - 4). Suppose 5*p - 2*q + 45 = 0, 4*q = w*p + 8*q + 64. Calculate z(p).
-1
Suppose -4*j + 20*g + 5 = 17*g, -2*g + 4 = j. Let f(v) be the second derivative of -v**5/20 + v**4/6 + v**3/6 - v**2/2 - 6*v - 1. What is f(j)?
1
Let a(c) = -c**2 - 8*c - 5. Let m(g) = -g**2 + 5*g - 1. Let b be (2/6)/(1*(-1)/39). Let r(n) = -3*n - 33. Let h be r(b). Let j be m(h). Calculate a(j).
2
Let x(o) be the first derivative of -o**2/2 - 10*o - 348. What is x(16)?
-26
Let l(v) = -v**3 + v**2 + 2*v + 1. Let n(i) = -4*i**3 - 2*i**2 + 12*i + 34. Let g(t) = -3*l(t) + n(t). Give g(-6).
31
Let v(l) = 2*l**3 + 6*l**2 + 7*l + 4. Let r be v(-4). Suppose 990 = 6*p + 12*p. Let k = p + r. Let f(y) = 13*y**2 + y. Give f(k).
12
Suppose 5*c = 3*r + 79, -5*r - 4 + 14 = 0. Let w(p) = -p**2 + 101*p - 210*p + 1 + 108*p + c*p**3. Suppose 7 + 2 = 4*z + 5*k, 4*z - k = 3. Determine w(z).
16
Let u(n) be the first derivative of n**2 - 1/3*n**3 + 3 - n. Give u(3).
-4
Let c(z) be the third derivative of 0*z - 228*z**2 + 1/24*z**4 + 0 - 5/6*z**3. What is c(2)?
-3
Let v be 0/(1 - 0) - -6. Let u(b) = 16*b - 183. Let g(s) = 39*s - 441. Let r(i) = 5*g(i) - 12*u(i). Give r(v).
9
Let x(h) be the first derivative of -2*h**2 - 6*h + 2. Let i = 52 - 49. Let k(t) = t**3 - 4*t**2 + t + 2. Let n be k(i). Give x(n).
10
Let t(d) = -2*d**2 + 5*d - 3. Let g(x) = x**2 - 87*x - 455. Let c be g(92). Give t(c).
-28
Let b = 79 - 58. Suppose -8*r + b = -11*r. Let v(f) = -9*f + 5. Let x(d) = -4*d + 3. Let n(c) = 6*v(c) - 13*x(c). Determine n(r).
5
Let u(r) be the second derivative of -r**4/12 + 2*r**3 - 19*r**2 - 154*r - 4. Determine u(5).
-3
Let v(q) = 5 - 1 + 14 - q - 5. Suppose 0*g + 3*g - 29 = 4*k, 0 = -3*k + 12. Calculate v(g).
-2
Let p = -5 + 1. Let y(b) be the third derivative of -b**5/60 + 20*b**3/3 + 47*b**2 + 2. Let h(n) be the first derivative of y(n). Give h(p).
8
Let l be 16/12 - 112/3. Let m be ((-5)/6)/(-4 - 138/l). Let c(r) = -2*r + 4. Let g(s) = s - 2. Let q(b) = 4*c(b) + 9*g(b). What is q(m)?
3
Let s(z) = -22293 + 29*z + 44607 - 22292. Give s(2).
80
Let p(o) = o**3 + 5*o**2 - 10*o - 1. Suppose -2*x = 5*g - 24 + 28, -56 = 2*g - 6*x. What is p(g)?
55
Let g = -75 - -42. Let s = 19 - g. Let q(x) = 48 - s - 3*x - x**2 - 6*x. What is q(-6)?
14
Suppose 2*a - 15 = 3*z, -3*z - 5 = 4*a + 10. Let g(l) = -4*l**2 + 3*l + 7. Let u(n) = 3*n**2 - 2*n - 6. Let k(m) = -2*g(m) - 3*u(m). What is k(a)?
4
Let w(v) = -42*v - 123488 - 123495 + 247006. Determine w(2).
-61
Let s(z) = z**2 + z - 87. Let r be 7/(-84)*-6*(-5 - -23). Calculate s(r).
3
Let f(n) = -n**3 + 7*n**2 - 6*n - 6. Let v be 15/10*(1 - 308/12). Suppose -172 = 2*m - 6*m. Let x = v + m. Determine f(x).
-6
Let y(j) be the first derivative of -17*j**4/4 - 187. Let b be 5/(-7) - 10/35. What is y(b)?
17
Let q be (1/4)/((-28)/(-672)). Suppose -t + 4 = q. Let k(c) = c**2 + c + 1. What is k(t)?
3
Let u(o) = -19*o - 1. Let p(f) = -40*f - 1039. Let l be p(-26). Give u(l).
-20
Let b(j) = 16*j + 232. Let z(f) = 16*f + 163. Let m(y) = -2*b(y) + 3*z(y). What is m(-7)?
-87
Let h(o) = -o**2 - 20*o - 34. Let q be h(-17). Let u be 7/(-7) + 8 - q. Let z(p) = p**2 + 9*p - 14. What is z(u)?
-4
Let u(b) b